 + 11 + -1 + -9 + 3. What is j(q)?
-7
Let t(w) be the third derivative of w**6/120 + 29*w**5/60 + 29*w**4/24 + 22*w**3/3 + w**2 - 41*w - 29. Determine t(-28).
16
Let c(r) = r - 2. Let o(w) = 26*w**2 + w + 1. Suppose -a + 2*g + 9 = 4*g, -3*g = -a - 16. Let b be o(a). Let s be (-134)/b + (-2)/(-13). Calculate c(s).
-7
Suppose -17*d = 3*d. Let f(c) be the second derivative of c**5/120 + c**4/6 - 13*c**3/6 + 16*c. Let o(u) be the second derivative of f(u). What is o(d)?
4
Suppose 4*t + 1084 = 9*c - 12*c, -3*c = -t + 1109. Let m = c - -373. Let d(x) = -4*x + 1. What is d(m)?
-19
Let v(p) = 5*p - 3. Suppose 0 = -6*a - 96 + 114. Suppose 1 = -g - a*m - 2, -2*m = 3*g - 5. Give v(g).
12
Suppose 3*b + 7 - 2 = -5*o, 4 = 4*b - 4*o. Let f(l) = l**3 - 2*l - 7. Let p be f(b). Let x(v) = -v**3 - 7*v**2 + 2*v + 5. Determine x(p).
-9
Let t(x) be the first derivative of 35 + x - 2/3*x**3 + x**4 + 0*x**2. Calculate t(1).
3
Let z be (-1)/(-2)*6*(-50 - -53). Let i(r) = -3*r - 18. Give i(z).
-45
Let u(q) be the third derivative of 19*q**4/24 + 37*q**3/6 + 4633*q**2. What is u(6)?
151
Let x be 2/1*(-18)/(-4). Let m(l) be the second derivative of -l**4/12 + 4*l**3/3 + 9*l**2/2 + 219*l + 4. What is m(x)?
0
Let u(q) be the third derivative of -q**6/120 - q**5/15 - 5*q**4/24 - 7*q**3/6 + 2*q**2 + 54*q. Let c be u(-3). Let n(j) = -9*j**3 - 2*j**2 + 1. Determine n(c).
8
Let f(x) = -2*x**3 + 45*x**2 - 21*x - 38. Let j be f(22). Let h(a) = -9*a - 142. Give h(j).
2
Let q be 8/(-10) + (6 - (-595)/25). Suppose q*o = 32*o - 9. Let n(y) = -3*y**2 + 12*y**2 - 5*y**2 - o*y**2 + 12 + y. Give n(0).
12
Let q(i) = -5*i. Let r be q(-1). Suppose 9*h + r*u = 5*h + 17, -9 = 3*u. Let n(v) = -v**3 + 7*v**2 + 6*v - 3. What is n(h)?
-19
Let z(r) = 3 - 4*r**2 + 2*r + 2*r**2 + 2. Let l be 23/((-4071)/(-826)) + (-1)/(-3). Calculate z(l).
-35
Let v(h) = 2*h**2 + 40*h + 167. Let z be ((-190)/(-57))/((-8)/12). Determine v(z).
17
Let r(j) = -7*j**2 - 17*j - 1. Let l(t) = -6*t**2 - 15*t - 1. Let m(n) = 5*l(n) - 4*r(n). Let z(g) be the first derivative of m(g). Calculate z(-7).
21
Suppose -p - 1 + 4 = -b, -4*p + 18 = 2*b. Let g = 1797 + -1800. Let x(a) = 2*a**2 + a + 19. Let m(f) = 3*f**2 + 27. Let r(k) = g*m(k) + 4*x(k). Give r(p).
-5
Let a(l) = -8*l. Let w(t) be the first derivative of t**2 + 1 - 48*t + 65*t - 3. Let s be w(-8). What is a(s)?
-8
Let d(p) be the second derivative of -p**7/2520 + p**6/120 + p**5/30 + 10*p**4/3 + p + 51. Let q(f) be the third derivative of d(f). Calculate q(7).
-3
Suppose 6220*x - 6287*x = 1206. Let g(j) = -2*j**2 - 35*j - 31. Give g(x).
-49
Let h = 1513 - 1518. Let z be -9*3/(0 + -3). Let o(w) = 6 + 7*w - z*w + 6*w + w**2. What is o(h)?
11
Let k(g) = 2*g**2 + 2*g - g**2 + 1 + 1. Let u(n) = -n**3 + n**2 + 2*n + 6. Let z be u(0). Suppose z = 51*b - 54*b. Determine k(b).
2
Let q be (-2108)/66 + (-582)/(-198) + -3. Let f(h) = -9*h - 283. Determine f(q).
5
Let h(c) = 9*c**3 - 14*c**2 + 11*c - 48. Let p(w) = -22*w**3 + 29*w**2 - 21*w + 98. Let f(m) = 5*h(m) + 2*p(m). Calculate f(11).
-22
Suppose -14*m = -7*m - 77. Let z(y) = 21*y - 6*y + y - 8*y - m + y**2. What is z(-8)?
-11
Let o(c) = 0*c - 1 + 4*c + c**2 + 9 + 3*c. Suppose 58*g + 15*g + 511 = 0. Give o(g).
8
Let i(a) = -a**2 + 11*a + 11. Suppose 5*y - 6*y + 202 = 0. Suppose n = 214 - y. Determine i(n).
-1
Let y(w) = -w**2 + 6*w - 2. Suppose -12*x - 64 = -14*x. Let q = -27 + x. Let h(j) = -j**3 + 4*j**2 + 7*j - 4. Let o be h(q). What is y(o)?
-2
Let b(u) be the third derivative of 1/3*u**3 + 0 + 1/24*u**4 - 27*u + u**2. Determine b(-5).
-3
Let q(x) = -16*x**3 + x**2 + x - 1. Let m = -1176 - -1177. Give q(m).
-15
Let m be (-8)/(-6)*3/1. Let c(l) be the first derivative of 2*l**2 - 5*l - 7286. Calculate c(m).
11
Suppose 0*h + 7 = 2*h + j, h + 4 = 2*j. Suppose -4*u + 11 = v, 3*u = -7*v + 2*v - 13. Suppose 8 = h*c + u*l, -c + 5 = 4*l - 5. Let a(t) = -t - 2. What is a(c)?
0
Let t(f) = f**3 - 4*f**2 + 6*f - 28. Suppose 9 = 6*a - 1 - 14. What is t(a)?
-4
Let d be (6/(-13) - 74654/44655) + 4/30. Let p(l) = -15*l**2 + l + 4. Determine p(d).
-58
Suppose 2*p - 4*w = 32, w = -4*p + 12 + 7. Let h = p - 13. Let i(b) be the third derivative of -b**5/60 - b**4/3 + b**3/3 - 16*b**2 - 4. Give i(h).
9
Let t(c) = -17*c - 9*c**2 + 0*c + 68 - 1 - 4*c**2 + 14*c**2. Calculate t(11).
1
Let k(s) = -s**3 - 8*s**2 + 32*s + 6. Suppose -7*t = 5*n - 2*t + 60, -32 = 3*n - t. Give k(n).
17
Let o(g) be the first derivative of g**3/3 - 9*g**2/2 - 2*g - 985. Calculate o(6).
-20
Let f(j) = j**3 + j**2 - 8. Let r(k) = -10*k - 22. Let m be r(-13). Let c be (-5)/4 - (-135)/m. Let y(q) = q**3 - q**2. Let h be y(c). Calculate f(h).
-8
Let x(v) = -v**3 + 4*v**2 + 4*v + 7. Let n(j) = -3*j - 61. Suppose 10 - 164 = 7*y. Let r be n(y). Determine x(r).
2
Let w = 30694 + -30692. Let b(l) = -l**3 - 2*l + 1. Let v(h) = 2*h**3 + 4*h - 2. Let d(p) = 5*b(p) + 2*v(p). Calculate d(w).
-11
Let i = -34 - -44. Suppose i*w + 17 = 57. Let o(q) = -q**3 - 2 + 3 - q**2 - q + w*q**2. Determine o(2).
3
Let s(b) = -b**3 + 4*b**2 + 5*b + 8. Suppose -7*z = -8*z + 2*l + 158, -2*l = -5*z + 758. Let y = z - 145. Determine s(y).
8
Let g be ((22/15)/(-2))/((-582)/2910). Let z(x) be the first derivative of -g*x**3 + 5 + 1/2*x**2 + 0*x. What is z(1)?
-10
Suppose 11*r - 38 + 16 = 0. Let c be (-6 + r - 2) + 15. Let g(h) = h**3 - 10*h**2 + 8*h + 7. What is g(c)?
-2
Let v(p) = -47*p - 7. Let y(a) = -21*a - 4. Let u(j) = 3*v(j) - 7*y(j). What is u(-6)?
-29
Let j be (-4)/((-1 + 17/6)*1556/4279). Let l(f) be the third derivative of -f**4/24 - f**3/2 - 2*f**2. What is l(j)?
3
Let t(m) be the first derivative of 39 - 30*m + 1/12*m**4 + 4/3*m**3 + 1/2*m**2. Let h(q) be the first derivative of t(q). Calculate h(-7).
-6
Let w(j) = 3*j - 2. Suppose -275*f - 8 = -271*f. Let q(x) = x. Let y(o) = f*w(o) + 5*q(o). Suppose -3*g - g - 27 = t, 0 = 5*t + 3*g + 50. Determine y(t).
11
Let x(l) = 10*l**3 - 11*l**2 + 3*l - 8. Let o(f) = -2*f**3 + f**2. Let c(i) = -4*o(i) - x(i). Give c(3).
8
Let n(x) = -27 - 34 - 16 + 0*x + 99 - 3*x. Give n(16).
-26
Let l(t) = -5*t - 24*t + 8*t + 9*t + 20. Determine l(2).
-4
Let l(r) = -4*r**3 + r**2 - r - 1. Let w(q) = -23*q**3 + 17*q**2 - 9*q - 10. Let n(v) = -6*l(v) + w(v). Give n(-11).
29
Let i(z) be the first derivative of z**4/4 + 11*z**3/3 + 7*z**2 + 41*z - 33. Calculate i(-10).
1
Let o be 5 - 0 - (3 + -4). Let u(k) = k**2 + k + 1. Let b = -74 - -73. Let d(f) = -f**3 + 4*f**2 - 9*f - 8. Let a(g) = b*d(g) - 3*u(g). Give a(o).
5
Suppose 4*p - 1 = -13. Suppose -12*j - 88 + 40 = 0. Let t(g) = 3*g - 8. Let l(s) = -2*s + 8. Let z(i) = j*l(i) + p*t(i). Give z(0).
-8
Let b be (-5)/20*-6*30/9. Suppose -45 = -b*s - 15. Let q(o) = 2 - 2*o - 1 + 4 + o**2 - s. Give q(6).
23
Let u(k) be the third derivative of k**6/120 - k**5/2 - k**4/12 + 37*k**3/3 - 2379*k**2. Determine u(30).
14
Suppose j = -28*j + 174. Let k(f) be the second derivative of -f**5/20 + 7*f**4/12 - 5*f**3/6 + 5*f**2/2 - 60*f. Calculate k(j).
11
Let g(s) = 5*s**3 + 3*s**2 - 2*s + 2. Let i(p) = p**3 - p + 1. Let z = 209 + -213. Let k(y) = z*i(y) + g(y). Calculate k(-2).
-2
Let a(v) = v**2 - 7*v. Let w(g) = -g**3 - 8*g**2 + 5*g. Let b be w(-8). Let z = 42 + b. Suppose 2*r = -4*p + 6, -p - 12 = -2*r - z*p. What is a(r)?
0
Let u(l) be the second derivative of -4*l**3 + 889*l**2/2 + 1041*l. What is u(37)?
1
Suppose 1000*q - 272 = 1068*q. Let h(l) be the second derivative of l**3/2 - l**2/2 + l. Calculate h(q).
-13
Let z(c) = -8*c**2 + 49*c + 6. Let v(u) = -18*u**2 + 98*u + 12. Let b(p) = 6*v(p) - 13*z(p). What is b(-12)?
6
Suppose -1317 = 125*j + 1433. Let o(i) = i - 47. Calculate o(j).
-69
Suppose 0 = 3*t - 4*t + 2. Let k(v) = -1311 + 412 + 426 + v + 472. Calculate k(t).
1
Let m be -3 - (-10 - -3)/(18 - 19). Let n(p) be the second derivative of -1/20*p**5 + 0 + 4*p - 11/2*p**2 - 3/4*p**4 + 4/3*p**3. Determine n(m).
9
Let y(c) be the second derivative of -1/2*c**3 - c**2 + 0 - 15*c - 1/12*c**4. What is y(-5)?
-12
Let f(t) = -68*t**2 + 11*t + 10. Let h(x) = -157*x**2 + 23*x + 21. Let n(y) = -9*f(y) + 4*h(y). Give n(-1).
-15
Let o = -74 + 72. Let a = 6 - o. Let y(r) = 2*r + 3. Give y(a).
19
Let x(v) = v**3 + 15*v + 3*v + 36 + 0*v**3 - 18*v**2 - 3*v. Let z be x(17). Let b(f) = -4*f + 0*f**2 + 2*f + 5*f**3 + 3*f - z*f**2. Determine b(